*u**3. Determine f(-4).
-7
Let i be (-2)/(-6)*(3 - -9). Suppose -i*d + 27 = n, 2*n + 3*d = -3*n + 50. Let h(a) = -a**3 + 7*a**2 - 5. What is h(n)?
-5
Let c(w) be the second derivative of -w**4/24 + w**2 + 2*w. Let k(n) be the first derivative of c(n). Suppose 0 = 7*g + g + 40. Determine k(g).
5
Let c(i) be the second derivative of i**5/10 - i**3/2 + i**2 - 891*i. Calculate c(-3).
-43
Let n(o) = -o**3 + 7*o**2 - o + 9. Let h be (-4)/42*-14*42/8. Calculate n(h).
2
Let c(p) = -3 + 4 - p + 1 - 6*p. Let v be 23/23 - (1 - 0)*-1. Give c(v).
-12
Let d(m) be the first derivative of 1/4*m**4 + 2 - 2*m**2 + 5/3*m**3 + m. Suppose -2*r - 12 + 0 = 0. Determine d(r).
-11
Suppose -23*t - 5*q - 26 = -27*t, 3*t - 5*q = 22. Let i(g) = g**3 - 3*g**2 - g - 3. What is i(t)?
9
Let z(u) = u + 7. Suppose l - 12 = -2*l. Let f(h) = -6 - 6*h - h**3 + 7 + 0 + 5*h**2. Let j be f(l). Calculate z(j).
0
Let r(f) = -2*f + 4. Let b = 321 - 327. What is r(b)?
16
Let j(g) be the second derivative of 0 - g**3 - 1/12*g**4 - 7*g + 7/2*g**2. Let b be (-2)/3*3 - 3. Calculate j(b).
12
Let p(f) = f - 12. Let s(v) = -12*v + 54. Let r be s(4). Determine p(r).
-6
Let s be 344/44 + 7 + 600/(-88). Let p(b) = 2*b**2 - 19*b + 28. Determine p(s).
4
Let d(m) = -5*m - 20. Let v be (-18)/(-12) + (-1)/(-2). Let g(j) be the second derivative of j**3/6 + 2*j**2 + 5*j. Let l(u) = v*d(u) + 11*g(u). Give l(-6).
-2
Let v(m) = -3*m**2 - 5*m - 1. Suppose -3*g + 77 - 92 = 0. Determine v(g).
-51
Suppose o - a - 2 = 4, 0 = 4*o + 5*a + 21. Let g be (6 + o)/(6 - 5). Let j(z) = -z**2 + 9*z. Determine j(g).
14
Let r(u) be the first derivative of u**4/4 + u**3 - u - 20. Let o = -5 + 3. Let b be ((-8)/10)/(o/(-5)). Determine r(b).
3
Let o be (-5)/2 - (-25)/50 - 5. Let k(a) = 11*a**2 + a**3 - a**2 - 2*a - 3 - 3*a**2. Calculate k(o).
11
Let b(p) = -p**2 - 1. Suppose -13 = w + 5. Let l = 18 + w. Give b(l).
-1
Let g(s) = s**3 - 6*s**2 - 15*s. Suppose -10*i - 108 = -188. Give g(i).
8
Let w(q) = -q**2 - q - 4. Suppose -11*k + 16*k = 20. Determine w(k).
-24
Let h(k) = k**2 + 11*k + 4. Let t(m) = 2*m + 11. Let c be t(-11). Let r be h(c). Let a(q) = -r*q**2 - q + 6*q**2 + 1 + 2*q. What is a(-2)?
7
Let l(g) = 5*g**2 + 7*g + 19. Let f(h) = 9*h**2 + 14*h + 35. Let t(r) = -6*f(r) + 11*l(r). Suppose 0 = b - 0*b - 7. What is t(b)?
-1
Let h = 160 - 167. Let l(b) = -2*b - 6. What is l(h)?
8
Let z(o) be the third derivative of -1/2*o**3 - 1/24*o**4 - 3*o**2 + 0 + 0*o. Suppose -4*w + 2*b = -0*b + 30, -3*w - 24 = -2*b. Calculate z(w).
3
Let y(m) = 9*m + 98. Let a be y(-10). Let p(h) = -h + 11. Calculate p(a).
3
Let w = 55 - 53. Let q(u) = 1154*u**3 - 3*u - 3 - 1153*u**3 + w - 3*u**2. Determine q(4).
3
Suppose -5*c + 12 = -2*c. Suppose -5 - 3 = -c*p. Let r(t) = -3*t - 4*t**2 + 2*t**2 + t**p. Calculate r(-2).
2
Let i(u) be the second derivative of -u**4/3 - u**3/6 - u**2 + 7*u. Let z be i(-1). Let d(x) = x**2 + 3*x - 6. Calculate d(z).
4
Let r(g) be the first derivative of g**3/3 - 5*g**2/2 - 16*g - 16. Give r(7).
-2
Let v(p) = 25*p + 11 - 13*p - 7*p - 6*p + p**3 + 7*p**2. Calculate v(-8).
-45
Let z(u) be the second derivative of 14 + u + 3*u**2 + 5/6*u**3. Determine z(-4).
-14
Let f = 62 + -68. Let l(p) be the second derivative of 5*p**3/6 + 7*p**2/2 - 2*p + 33. What is l(f)?
-23
Let w = 92 + -95. Let o = 4 + -10. Let k(d) = -d**2 + 5*d + 3. Let p(x) = x**2 - 6*x - 3. Let m(h) = o*p(h) - 7*k(h). What is m(w)?
3
Let o(j) = 2*j - 4*j + 1 + 5*j. Let v be 7 + -6 + 1 + 2. What is o(v)?
13
Let b = -30 + 36. Let i be 9/b*(-4)/(-1). Let d(q) be the first derivative of q**2/2 - 3*q - 12. Give d(i).
3
Suppose -8 = -23*x + 19*x. Suppose 5*k = 20, 5*w - 22 = x*k - 0. Let n(i) = i + 1. Let l(o) = 2*o + 2. Let u(q) = -3*l(q) + 5*n(q). Give u(w).
-7
Let k(q) = -q**2 - 6*q + 4. Let v(b) = b**2 - 5*b - 1. Let a be v(6). Suppose 86 + 44 = a*o. Suppose 3*x + 4*n = 2, -x - n + 5*n - o = 0. Give k(x).
4
Let j(k) be the third derivative of 0 - 5/6*k**3 + 15*k**2 + 1/8*k**4 + 0*k. Calculate j(6).
13
Let q(m) be the first derivative of -m**4/4 - 7*m**3/3 + m**2/2 + 7*m + 26. Calculate q(-7).
0
Let k(t) = -7 + 2*t + 19 - 17 - 4. Determine k(-7).
-23
Let m(l) = -4*l - 8. Let k be m(-5). Let v = -7 + k. Suppose 4*w = -w - v*f - 10, 4*f = 4. Let a(h) = h**2 + 5*h + 2. Give a(w).
-4
Let h(r) = r + 22. Let p be h(-22). Suppose 2*i + 2*y - 7 = y, -i - 2*y - 4 = 0. Let g(v) = -3 - 1 + p*v**2 - i*v - v**2 + 0. Give g(-3).
5
Let u(q) = q**2 + 10*q + 5. Suppose -4*i + 4*b = 23 + 17, 2*b = 2. Let o be u(i). Let l(d) = 3*d + 5. Give l(o).
-7
Let n(g) = g. Let l(t) = -t**2 - 4*t + 5. Let m(c) = l(c) + 3*n(c). Give m(0).
5
Suppose -c = 4 + 2. Let y = -6 - c. Let j(k) = -5 + 0*k + 2 + 1 - k. What is j(y)?
-2
Let o(d) = d**2 - 7*d - 10. Let c(v) = -3*v - 31. Let m(p) = -12*p - 125. Let a(z) = -9*c(z) + 2*m(z). Let f be a(-7). Calculate o(f).
-2
Let v(y) = y**3 - y**2 + 2*y + 4. Suppose 22*l - 5*z = 25*l + 1, -5*z + 1 = 2*l. Determine v(l).
-12
Let j(d) be the third derivative of d**5/30 - d**4/4 - 7*d**2 - 5. Let k = -9 + 13. Calculate j(k).
8
Let t(d) be the first derivative of d**3/3 - 4*d**2 + 3*d - 17. Let q be 6/(-7)*56/(-6). Determine t(q).
3
Let k(m) = -5*m**2 + 4 - 26*m - 11*m - m**3 + 3 + 39*m. Suppose i + i + 10 = 0. Determine k(i).
-3
Let q(j) be the second derivative of -7*j**4/12 - j**3/6 + j**2/2 + j. Suppose -3*o + 8*o = 0. Suppose -1 = -2*g + w, o*w = -3*w + 3. Determine q(g).
-7
Let b(x) = -3*x**2 - 3*x + 4. Let g be 2*(4/22 - 1392/(-1056)). Determine b(g).
-32
Let u(o) be the second derivative of -o**3/6 + o**2 - 5*o - 3. Determine u(6).
-4
Let b(v) be the first derivative of -v**4/12 - 5*v**3/6 + 3*v**2/2 - 10*v + 12. Let k(y) be the first derivative of b(y). What is k(-5)?
3
Let r(f) = f**3 - 4*f**2 - f + 1. Let o be r(4). Let j(y) = -y**3 - 3*y**2 + 1. What is j(o)?
1
Let d(n) = n**2 - 7*n - 10. Let f(c) = -c**2 + 6*c + 9. Let r(i) = 5*d(i) + 6*f(i). Let m be 3*(1 + -3)/2. Let l be -2*(m - (1 + -2)). What is r(l)?
-8
Suppose 0 = 5*o - 3*n - 31, 3*o - 22 + 3 = 2*n. Suppose -v - o*z = 20 + 6, 2*v + 3*z + 24 = 0. Let w(r) = r**2 + 6*r + 2. Determine w(v).
2
Let g(i) be the third derivative of 11*i**2 + 0*i + 0 - 1/3*i**3 - 5/24*i**4 - 1/60*i**5. Calculate g(-3).
4
Let g be (4 + (-33)/9)/(1/(-15)). Let y = -8 - g. Let b(r) = -r**3 - 3*r**2 + r + 1. What is b(y)?
-2
Let o(x) be the third derivative of -x**4/6 + 7*x**3/3 + 280*x**2. Determine o(4).
-2
Suppose -7*r + 8 = -3*r. Let o be (r - 5) + 7 + -1. Suppose u = -o*q + 8*q + 12, 16 = 4*u - 4*q. Let m(n) = -n**3 - 2*n**2 + 2*n + 2. Determine m(u).
-10
Let p(k) be the second derivative of k**3/6 + 19*k**2/2 + 193*k. Determine p(-23).
-4
Let r(t) = -13*t + 4*t - 5 - 2*t - t**2. Let a be r(-10). Let j(f) be the first derivative of f**3/3 - 7*f**2/2 + 7*f + 1. Give j(a).
-3
Let f(w) = 4 - w - 252*w**3 + 133*w**3 + 120*w**3 - 6*w**2. Let d = 1 + 5. Determine f(d).
-2
Let x = -5 + -1. Let y(l) = -3*l - 6. Let z(u) = u + 2. Suppose -4*t + 0*t - 8 = 0. Let b(k) = t*y(k) - 7*z(k). What is b(x)?
4
Let v(w) = -2*w - w**3 + 8*w**2 - 2*w**2 + 0*w. Let o(k) = -8*k - 11. Let q be o(-2). What is v(q)?
15
Let i(x) = 7*x**2 - 11*x - 9. Let v(o) = -13*o**2 + 19*o + 15. Let a(z) = 11*i(z) + 6*v(z). Give a(-6).
-3
Let z(k) be the first derivative of 2*k**3 + k**2/2 + k + 2. Suppose 4 - 13 = 9*f. Give z(f).
6
Suppose m + 4*w = 10, 0 = -5*m + 6*m - 4*w + 6. Let i(o) = 3*o**2 - 2*o + 2. Calculate i(m).
10
Let i(h) = h**2 - 1. Let k(j) = 5*j**2 - 5*j - 12. Let w(o) = -4*i(o) + k(o). Suppose 0*c + 5*c = 15. Let b be (1 - c) + 2*4. Determine w(b).
-2
Let v = -38 + 41. Let r(x) = 0 - 7 + 2 - 4 - v*x. Calculate r(-6).
9
Let v(r) be the second derivative of 0 + 4*r + 1/2*r**2 - 1/3*r**4 - 1/20*r**5 + 0*r**3. Let k be (((-4)/3)/((-12)/(-54)))/2. Give v(k).
-8
Let u(s) = 5*s**3 - 2*s**2 + s. Let b be u(1). Let t(y) = -15*y**2 + 16*y**2 - b - 5*y + 2 + 1. Let k(p) = -p**3 - p + 6. Let g be k(0). What is t(g)?
5
Suppose 0 = 9*l - 4*l - 5*q + 20, 0 = -3*l - q. Let x(g) be the third derivative of 0*g + 2*g**2 + 0*g**4 + 0 - 1/60*g**5 + 1/120*g**6 + 0*g**3. Determine x(l).
-2
Let o(h) = 4*h - 48. Let x be o(10). Let r(s) = -s**3 - 8*s**2 + s + 9. Calculate r(x).
1
Let u(n) be the first derivative of -5*n**3/3 - 25*n**2/2 + 20*n + 9. Let y(i)